r(o) = o**3 + 16*o**2 - o - 15. Calculate r(-16).
1
Let u(l) = l**2 - 12*l + 30. Determine u(3).
3
Let y(h) = -h**2 - h + 29. Give y(5).
-1
Let i(a) = -2*a - 12. Calculate i(6).
-24
Let a(n) = 2*n**2 - 10*n + 25. What is a(7)?
53
Let u(r) = -20*r - 60. Calculate u(-3).
0
Let f(n) = -2*n**2 - 6*n + 18. Calculate f(-5).
-2
Let l(a) = a + 26. Determine l(-4).
22
Let p(m) = -25*m**3 - 2*m**2 - m. Calculate p(-1).
24
Let a(j) = 2*j**3 - 6*j**2 + 6*j - 61. Give a(4).
-5
Let q(l) = -l + 15. Give q(15).
0
Let x(d) = -d**2 - 24*d - 46. Determine x(-21).
17
Let f(a) = 2*a + 1. Give f(-13).
-25
Let c(l) = 2*l**2 - 41*l + 156. Determine c(17).
37
Let l(j) = -2*j - 10. What is l(-4)?
-2
Let h(z) = -7*z + 35. What is h(4)?
7
Let j(f) = -6*f - 1. Determine j(-2).
11
Let l(u) = -u**3 + 8*u**2 + 10*u - 11. Calculate l(9).
-2
Let z(p) = 14*p + 115. What is z(-10)?
-25
Let h(a) = a**2 + 14*a + 15. What is h(-6)?
-33
Let f(o) = -o**3 - o**2 + o - 43. Determine f(0).
-43
Let p(l) = -2*l**3 - 10*l**2 + 16*l + 67. Calculate p(-5).
-13
Let b(s) = -2*s - 49. Determine b(-30).
11
Let j(w) = 2*w**2 - 57*w - 294. Calculate j(33).
3
Let u(q) = -q - 2. Calculate u(0).
-2
Let z(c) = c**3 + 13*c**2 - 3*c + 28. Determine z(-14).
-126
Let y(p) = -p**2 + 7*p - 8. Calculate y(7).
-8
Let a(p) = 41*p + 168. What is a(-4)?
4
Let l(x) = -x**3 - 5*x**2 + 11*x + 53. Calculate l(-5).
-2
Let s(a) = -a**3 - 4*a**2 - a + 2. What is s(-4)?
6
Let z(i) = -3*i - 7. Calculate z(5).
-22
Let z(v) = -v**2 - v - 4. Give z(6).
-46
Let g(d) = -d**3 - 7*d**2 - 8*d - 9. Determine g(-6).
3
Let f(b) = b + 4. Determine f(3).
7
Let j(r) = -7*r**3 + 2*r**2 - 2*r + 1. Give j(1).
-6
Let z(k) = -3*k**2 + 5*k - 11. Give z(4).
-39
Let f(k) = -19*k + 34. Determine f(-1).
53
Let p(l) = -4*l + 4. Calculate p(5).
-16
Let z(w) = -16*w**2 + 5*w - 6. Determine z(1).
-17
Let i(w) = 8*w + 7. Give i(-5).
-33
Let v(t) = 2*t - 101. Give v(43).
-15
Let o(n) = 13*n**3 - n**2 - n - 1. Give o(-1).
-14
Let b(u) = 27*u + 5. What is b(5)?
140
Let h(z) = z + 19. What is h(-5)?
14
Let b(j) = j**2 + 4*j - 5. Give b(4).
27
Let s(k) = k**3 + 3*k**2 - 4*k - 5. Determine s(-4).
-5
Let s(w) = w**3 - 13*w**2 + 11*w + 9. What is s(12)?
-3
Let i(w) = -64*w - 207. Give i(-3).
-15
Let v(r) = r**3 + 10*r**2 - 8*r + 8. What is v(-11)?
-25
Let i(z) = -12*z + 22. Calculate i(0).
22
Let l(q) = 5*q - 4. What is l(2)?
6
Let j(h) = -3*h - 43. Calculate j(-15).
2
Let k(g) = -5*g - 4. Give k(-1).
1
Let z(v) = v**2 + 14*v + 10. Determine z(-14).
10
Let l(c) = -c**2 - 2*c + 7. Calculate l(0).
7
Let l(b) = -b**2 - 8*b - 24. Determine l(-6).
-12
Let a(b) = 3*b**2 + 10*b + 5. Calculate a(-4).
13
Let x(h) = h**3 - 8*h**2 - h - 1. Determine x(8).
-9
Let h(s) = s**2 - 18*s + 44. Calculate h(14).
-12
Let y(j) = -9*j - 258. Calculate y(-29).
3
Let d(c) = c**3 + 5*c**2 - 4*c + 13. What is d(-6)?
1
Let v(q) = q**3 - 20*q**2 - 20*q - 11. Give v(21).
10
Let i(h) = -h**2 + 13*h - 10. Give i(7).
32
Let s(v) = -2*v**2 + 9*v + 1. Calculate s(5).
-4
Let p(s) = -15*s**2 + 4*s + 1. Determine p(-2).
-67
Let x(o) = o**3 + 5*o**2 - 14*o - 9. Determine x(-7).
-9
Let x(t) = t**3 + 3*t**2 - 5*t + 15. Calculate x(-5).
-10
Let g(p) = -p**3 - 6*p**2 + p - 7. Calculate g(-6).
-13
Let y(p) = 2*p**2 - 21*p - 2. Calculate y(11).
9
Let i(l) = -3*l - 87. Determine i(-29).
0
Let r(m) = -2*m**2. Calculate r(-1).
-2
Let r(d) = d + 6. Determine r(7).
13
Let r(h) = -16*h**2 + 161*h - 6. Calculate r(10).
4
Let l(g) = g**2 + 10*g + 6. Give l(-7).
-15
Let f(d) = -d**2 - 40*d + 286. Give f(-46).
10
Let f(r) = -r**3 - 9*r**2 - 13*r + 11. What is f(-7)?
4
Let h(s) = s**3 + 6*s**2 + s - 24. Calculate h(-5).
-4
Let j(s) = -2*s**3 + 21*s**2 - 9*s - 20. What is j(10)?
-10
Let f(k) = -2*k**3 + 3*k - 2. Calculate f(1).
-1
Let p(v) = 6*v + 18. What is p(-5)?
-12
Let g(v) = v + 1. Give g(-4).
-3
Let s(q) = -q**2 + 14*q + 17. Give s(16).
-15
Let v(t) = 5*t - 41. Give v(10).
9
Let d(c) = -c**3 - 16*c**2 + 4*c - 11. Determine d(-16).
-75
Let c(b) = 2*b + 2. Give c(-4).
-6
Let o(p) = -p - 3. Determine o(-8).
5
Let d(z) = z**2 + 36*z + 28. Give d(-34).
-40
Let j(c) = c**3 + 7*c**2 - 6*c - 15. Give j(-8).
-31
Let x(t) = -t**2 + 3*t + 133. Determine x(-10).
3
Let o(c) = c**2 + 4*c + 23. Give o(-5).
28
Let n(g) = g**3 + 6*g**2 - 3*g - 21. What is n(-6)?
-3
Let y(j) = 3*j**2 + 69*j - 33. Calculate y(-23).
-33
Let f(v) = 4*v**2 + 3*v + 1. What is f(-2)?
11
Let d(c) = 10*c + 2. Give d(4).
42
Let i(m) = -4*m - 4. Give i(-3).
8
Let u(m) = -m**3 + 3*m**2 - 4*m - 2. What is u(2)?
-6
Let d(q) = q**3 - q**2 - q - 4. Give d(0).
-4
Let o(x) = -x**3 - 25*x**2 + 2*x + 14. Calculate o(-25).
-36
Let s(v) = v**2 - 16*v - 170. Determine s(23).
-9
Let t(l) = 18*l - 1. Calculate t(-2).
-37
Let z(a) = -a**3 + 4*a**2 - 2*a - 2. What is z(0)?
-2
Let l(r) = -2*r**3 + 2*r**2 + 2*r + 2. What is l(3)?
-28
Let q(s) = -2*s**3 + 3*s - 2. Give q(1).
-1
Let a(n) = n**2 - n. Determine a(0).
0
Let c(f) = -f**2 - 25*f - 38. Determine c(-23).
8
Let m(v) = -v**3 + 30*v**2 - 31*v + 50. Determine m(29).
-8
Let k(t) = -t**2 - 7*t + 27. Give k(-11).
-17
Let g(h) = 2*h + 15. Determine g(-10).
-5
Let k(b) = b - 78. Determine k(-29).
-107
Let x(p) = -p + 23. Calculate x(29).
-6
Let a(q) = -2*q**2 - 22*q - 7. Calculate a(-9).
29
Let v(r) = 2*r**2 - 6*r - 1. Give v(5).
19
Let m(d) = 2*d - 10. What is m(2)?
-6
Let n(v) = -v**2 - 5*v - 7. Give n(-11).
-73
Let b(k) = k**3 - 5*k**2 + 2*k - 2. What is b(4)?
-10
Let c(t) = -t**2 - 4*t - 7. Determine c(-8).
-39
Let w(v) = -v**2 - 27*v + 295. Determine w(8).
15
Let x(y) = 7*y**2 + 6*y + 5. Give x(-5).
150
Let x(m) = m**3 + 14*m**2 + 2*m + 26. Determine x(-14).
-2
Let s(q) = -101*q + 1722. Determine s(17).
5
Let c(t) = t**3 + 18*t**2 + 15*t - 16. Give c(-17).
18
Let p(v) = 3*v**2 - 17*v + 17. Give p(1).
3
Let p(k) = -k**2 + 2*k - 10. Calculate p(-6).
-58
Let w(v) = v**3 + 14*v**2 - 16*v - 11. Determine w(-15).
4
Let h(x) = 2*x**2 - 3*x - 1. Determine h(4).
19
Let z(w) = -w**2 - 2*w - 2. What is z(0)?
-2
Let f(x) = x**3 + 8*x**2 - 4*x - 4. Calculate f(-9).
-49
Let f(g) = g**3 - 3*g**2 + 3*g - 74. Determine f(5).
-9
Let a(i) = -23*i - 11. Calculate a(-3).
58
Let h(u) = u**3 + 18*u**2 - 19*u - 6. Calculate h(-19).
-6
Let o(z) = z**3 - 11*z**2 - 20*z - 66. Calculate o(13).
12
Let y(j) = -j**3 - j**2 - j + 9. Calculate y(0).
9
Let u(k) = -k**2 - 17*k + 11. Calculate u(-18).
-7
Let n(c) = 9*c + 24. What is n(-3)?
-3
Let f(w) = -w**2 + 14*w + 3. Give f(13).
16
Let r(x) = -3*x - 6. Give r(-7).
15
Let g(q) = q - 7. Determine g(15).
8
Let i(k) = -k**2 - 50*k + 153. Calculate i(-53).
-6
Let n(d) = 2*d**2 + 9*d + 5. Calculate n(-5).
10
Let c(r) = 3*r**2 - 11*r + 2. What is c(3)?
-4
Let b(s) = -12*s - 185. What is b(-18)?
31
Let c(h) = -2*h**2 - 5*h + 9. Give c(-5).
-16
Let m(r) = r**3 + 13*r**2 - 110*r + 75. Give m(-19).
-1
Let z(d) = 45*d - 50. Give z(4).
130
Let y(j) = 23*j + 25. Calculate y(-3).
-44
Let h(p) = p**2 + 3*p - 10. Give h(-8).
30
Let h(k) = k - 56. Calculate h(-20).
-76
Let x(i) = -5*i**2 - 3*i - 1. Give x(-3).
-37
Let q(c) = -2*c - 40. Calculate q(-21).
2
Let o(l) = l**3 + 6*l**2 + 10*l + 8. Determine o(-4).
0
Let x(o) = o**2 - 12*o + 25. Determine x(11).
14
Let a(i) = -i**2 + 7*i - 7. Calculate a(5).
3
Let s(n) = -n**3 - 6*n**2 - 3*n - 10. Calculate s(-4).
-30
Let i(f) = -24*f**2 - 2*f - 1. Give i(2).
-101
Let f(v) = 4*v**2 - 11*v + 4. What is f(4)?
24
Let m(h) = -h**2 - 16*h - 30. Determine m(-9).
33
Let i(r) = r**2 - 32*r - 5. Calculate i(32).
-5
Let w(h) = -h - 7. What is w(12)?
-19
Let l(r) = -5*r**3 - r**2 - 2. What is l(1)?
-8
Let i(b) = -7*b + 4. What is i(2)?
-10
Let r(j) = 10*j**2 + 4*j + 5. Give r(3).
107
Let p(j) = j**2 + 6*j + 54. Determine p(-5).
49
Let b(a) = -2*a + 12. Determine b(4).
4
Let j(f) = -2*f**3 + 29*f**2 - 16*f + 21. Determine j(14).
-7
Let b(h) = 3*h + 48. Give b(-14).
6
Let g(c) = -c**3 + 2*c**2 - 2*c + 60. What is g(0)?
60
Let g(p) = 7*p + 128. Determine g(-22).
-26
Let y(v) = 2*v - 26. Calculate y(0).
-26
Let j(s) = 8*s - 310. Give j(38).
-6
Let d(q) = q**2 + 5*q + 6. Determine d(-8).
30
Let u(x) = -x**3 + 35*x**2 + 2*x - 86. Give u(35).
-16
Let s(a) = 14*a - 3. Determine s(2).
25
Let o(g) = 5*g + 17. What is o(-4)?
-3
Let u(f) = -f**2 - 25*f + 393. What is u(11)?
-3
Let c(h) =